{"id":3,"date":"2025-12-08T20:47:04","date_gmt":"2025-12-08T20:47:04","guid":{"rendered":"http:\/\/localhost\/blog\/?page_id=3"},"modified":"2026-02-10T20:55:19","modified_gmt":"2026-02-10T20:55:19","slug":"privacy-policy","status":"publish","type":"page","link":"https:\/\/ritterfips.feste-ip.net\/blog\/privacy-policy\/","title":{"rendered":"Datenschutzrichtlinie"},"content":{"rendered":"\n<h2 class=\"wp-block-heading\">Verantwortliche Person<\/h2>\n\n\n\n<p>Die Website-Adresse lautet: ritterfips.de\/blog.<\/p>\n\n\n\n<p>Verantwortliche Person: Andreas Kunz, ritterfips@posteo.de.<\/p>\n\n\n\n<h2 class=\"wp-block-heading\">Kommentare<\/h2>\n\n\n\n<p>Wenn Sie als Besucher Kommentare auf der Seite hinterlassen, werden die im Kommentarformular angezeigten Daten, die IP-Adresse des Besuchers und der Browser-User-Agent-String gespeichert. Dies dient der Erkennung von Spam.<\/p>\n\n\n\n<p>Ein anonymisierter String, der aus Ihrer E-Mail-Adresse erstellt wird (auch &#8222;Hash&#8220; genannt), kann dem Gravatar-Dienst zur Verf\u00fcgung gestellt werden. Die Datenschutzrichtlinie des Gravatar-Dienstes ist hier verf\u00fcgbar: https:\/\/automattic.com\/privacy\/.<\/p>\n\n\n\n<p>Nach der Genehmigung eines Kommentars ist das Profilbild des Benutzers im Kontext des Kommentars f\u00fcr die \u00d6ffentlichkeit sichtbar.<\/p>\n\n\n\n<h2 class=\"wp-block-heading\">Medien<\/h2>\n\n\n\n<p>Wenn Sie Bilder auf die Website hochladen, sollten Sie vermeiden, Bilder mit eingebetteten Standortdaten (EXIF GPS) hochzuladen. Besucher der Website k\u00f6nnten sonst Bilder herunterladen und die Standortdaten extrahieren.<\/p>\n\n\n\n<h2 class=\"wp-block-heading\">Cookies<\/h2>\n\n\n\n<p>Wenn Sie einen Kommentar hinterlassen, k\u00f6nnen Sie sich daf\u00fcr entscheiden, Ihren Namen, Ihre E-Mail-Adresse und Ihre Website in Cookies zu speichern. Die Daten m\u00fcssen dann nicht erneut eingegeben werden. Cookies sind ein Jahr lang g\u00fcltig.<\/p>\n\n\n\n<p>Wenn Sie die Anmeldeseite besuchen, setzen wir ein tempor\u00e4res Cookie, um festzustellen, ob Ihr Browser Cookies akzeptiert. Dieses Cookie enth\u00e4lt keine pers\u00f6nlichen Daten und wird gel\u00f6scht, wenn Sie Ihren Browser schlie\u00dfen.<\/p>\n\n\n\n<p>Wenn Sie sich anmelden, legen wir au\u00dferdem mehrere Cookies an, um Ihre Anmeldeinformationen und Ihre Bildschirmanzeigeoptionen zu speichern. Login-Cookies sind zwei Tage lang g\u00fcltig, und Screen-Options-Cookies sind ein Jahr lang g\u00fcltig. Wenn Sie die &#8222;Angemeldet bleiben&#8220;-Option w\u00e4hlen, bleibt der Login zwei Wochen lang bestehen. Beim Abmelden werden die Login-Cookies entfernt.<\/p>\n\n\n\n<p>Wenn Sie einen Artikel bearbeiten oder ver\u00f6ffentlichen, wird ein zus\u00e4tzliches Cookie in Ihrem Browser gespeichert. Dieses Cookie enth\u00e4lt keine pers\u00f6nlichen Daten und zeigt lediglich die Beitrags-ID des gerade bearbeiteten Artikels an. Es l\u00e4uft nach einem Tag ab.<\/p>\n\n\n\n<h2 class=\"wp-block-heading\">Eingebettete Inhalte von anderen Webseiten<\/h2>\n\n\n\n<p>Artikel auf dieser Seite k\u00f6nnen eingebettete Inhalte enthalten (z. B. Videos, Bilder, Artikel usw.). Eingebettete Inhalte von anderen Webseiten verhalten sich genauso, als h\u00e4tte der Besucher die andere Website besucht.<\/p>\n\n\n\n<p>Diese Websites k\u00f6nnen Daten \u00fcber Sie sammeln, Cookies verwenden, zus\u00e4tzliches Drittanbieter-Tracking einbetten und Ihre Interaktion mit diesen eingebetteten Inhalten \u00fcberwachen, einschlie\u00dflich der Verfolgung Ihrer Interaktion mit den eingebetteten Inhalten, falls Sie ein Konto haben und auf dieser Website eingeloggt sind.<\/p>\n\n\n\n<h2 class=\"wp-block-heading\">Verwendung Ihrer Daten<\/h2>\n\n\n\n<p>Wenn Sie ein Passwort-Reset beantragen, wird Ihre IP-Adresse in der Zur\u00fccksetzungs-E-Mail angegeben.<\/p>\n\n\n\n<h2 class=\"wp-block-heading\">Dauer der Datenspeicherung<\/h2>\n\n\n\n<p>Wenn Sie einen Kommentar hinterlassen, werden der Kommentar und seine Metadaten auf unbestimmte Zeit gespeichert. <\/p>\n\n\n\n<p>F\u00fcr Nutzer, die sich auf unserer Website registrieren, speichern wir auch die pers\u00f6nlichen Informationen, die sie in ihrem Benutzerprofil angeben. Alle Nutzer k\u00f6nnen jederzeit ihre pers\u00f6nlichen Daten sehen, bearbeiten oder l\u00f6schen (au\u00dfer sie k\u00f6nnen ihren Benutzernamen nicht \u00e4ndern). Webseitenadministratoren k\u00f6nnen diese Informationen ebenfalls sehen und bearbeiten.<\/p>\n\n\n\n<h2 class=\"wp-block-heading\">Ihre Rechte<\/h2>\n\n\n\n<p>Wenn Sie ein Konto auf dieser Seite haben oder Kommentare hinterlassen haben, k\u00f6nnen Sie eine exportierte Datei der pers\u00f6nlichen Daten anfordern, die wir \u00fcber Sie halten, einschlie\u00dflich aller Daten, die Sie uns zur Verf\u00fcgung gestellt haben. Sie k\u00f6nnen auch darum bitten, dass wir alle pers\u00f6nlichen Daten, die wir \u00fcber Sie haben, l\u00f6schen. Dies schlie\u00dft keine Daten ein, die wir zu administrativen, rechtlichen oder sicherheitsrelevanten Zwecken aufbewahren m\u00fcssen.<\/p>\n\n\n\n<p>Besucherkommentare k\u00f6nnen \u00fcber einen automatisierten Spam-Erkennungsdienst \u00fcberpr\u00fcft werden.<\/p>\n\n\n\n<p><\/p>\n","protected":false},"excerpt":{"rendered":"<p>Verantwortliche Person Die Website-Adresse lautet: ritterfips.de\/blog. Verantwortliche Person: Andreas Kunz, ritterfips@posteo.de. Kommentare Wenn Sie als Besucher Kommentare auf der Seite hinterlassen, werden die im Kommentarformular angezeigten Daten, die IP-Adresse des Besuchers und der Browser-User-Agent-String gespeichert. Dies dient der Erkennung von Spam. Ein anonymisierter String, der aus Ihrer E-Mail-Adresse erstellt wird (auch &#8222;Hash&#8220; genannt), kann dem [&hellip;]<\/p>\n","protected":false},"author":1,"featured_media":0,"parent":0,"menu_order":0,"comment_status":"closed","ping_status":"open","template":"","meta":{"footnotes":""},"class_list":["post-3","page","type-page","status-publish","hentry"],"_links":{"self":[{"href":"https:\/\/ritterfips.feste-ip.net\/blog\/wp-json\/wp\/v2\/pages\/3","targetHints":{"allow":["GET"]}}],"collection":[{"href":"https:\/\/ritterfips.feste-ip.net\/blog\/wp-json\/wp\/v2\/pages"}],"about":[{"href":"https:\/\/ritterfips.feste-ip.net\/blog\/wp-json\/wp\/v2\/types\/page"}],"author":[{"embeddable":true,"href":"https:\/\/ritterfips.feste-ip.net\/blog\/wp-json\/wp\/v2\/users\/1"}],"replies":[{"embeddable":true,"href":"https:\/\/ritterfips.feste-ip.net\/blog\/wp-json\/wp\/v2\/comments?post=3"}],"version-history":[{"count":5,"href":"https:\/\/ritterfips.feste-ip.net\/blog\/wp-json\/wp\/v2\/pages\/3\/revisions"}],"predecessor-version":[{"id":166,"href":"https:\/\/ritterfips.feste-ip.net\/blog\/wp-json\/wp\/v2\/pages\/3\/revisions\/166"}],"wp:attachment":[{"href":"https:\/\/ritterfips.feste-ip.net\/blog\/wp-json\/wp\/v2\/media?parent=3"}],"curies":[{"name":"wp","href":"https:\/\/api.w.org\/{rel}","templated":true}]}}